9 + 85. Calculate the greatest common factor of u and i.
36
Let a be 2 - (-712)/8 - (-1 - -1). What is the highest common divisor of a and 455?
91
Suppose 2*y = -2*d - 312, -2*d + 692 + 123 = -5*y. Let z = 191 + y. What is the greatest common factor of 10 and z?
10
Suppose 1081 = -5*n + 3586. Let w = -5 - 272. Let s = n + w. Calculate the highest common factor of s and 28.
28
Suppose -282 = -3*a + a. Suppose 144 = 2*r - 3*b - 20, -r + 7*b + 38 = 0. Calculate the highest common factor of r and a.
47
Let m be (-6)/(-14) + 36/14. Let n be (2/4 + (-136)/(-16))*3. Let z be m*18*18/n. What is the greatest common divisor of 9 and z?
9
Suppose -2 = -16*m + 15*m + k, 4*k = -20. Let c(s) = -196*s - 172. Let p be c(m). Calculate the greatest common factor of 13 and p.
13
Suppose -112*b - 78141 = -186367 - 176702. Calculate the greatest common divisor of b and 48.
48
Let i(r) = 2*r**2 - 13*r - 52. Let x be i(15). Let y = -2667 - -2783. What is the greatest common divisor of y and x?
29
Let z(u) = -u**2 + 3*u + 1. Let n be z(2). Suppose n*f - 866 = -2*x, 0*f - 3*f = 5*x - 878. What is the highest common factor of f and 22?
22
Suppose 5*m - 111 = 9. Let y = 206 - 122. Let c = y - m. Calculate the highest common divisor of 24 and c.
12
Let n = -9665 + 9728. What is the greatest common divisor of 9513 and n?
63
Let n = 1553 - 1535. What is the highest common factor of 1098 and n?
18
Let f = -111 + 113. Let j be -5*f/6*-3. Suppose -10*l = j*l - 135. What is the highest common divisor of 9 and l?
9
Suppose -3*j - 7*g + 201 = -4*g, 2*j + 3*g = 129. Calculate the greatest common factor of j and 1576.
8
Let g = 25 + -15. Suppose 13*i - 55 = -3*y + 11*i, 0 = -2*y - 4*i + 50. Suppose 21*b - y*b - 660 = 0. What is the greatest common divisor of g and b?
10
Let t = 252 + -239. Suppose 0 = -t*k + 163 - 7. Calculate the greatest common divisor of 48 and k.
12
Let u be (26/(-13))/((-4)/(-2142)). Let f = -345 - u. What is the highest common divisor of f and 22?
22
Let u be (128/(-18))/(150/(-675)). Calculate the highest common divisor of 4 and u.
4
Let x be 5 - (193 - -4) - 1. Let s = x - -205. Let k(t) = 13*t**3 - t**2 + t - 1. Let o be k(1). Calculate the greatest common divisor of s and o.
12
Let s(j) = j**2 - 19*j - 40. Let g be s(21). Let h be -44*5/(-10) + g. Let r be h + (10/4 + -3)*2. What is the greatest common factor of 92 and r?
23
Let w(c) = c**2 + 4*c + 3. Let r be w(-3). Suppose 5*q - 10 + 0 = r. Suppose -q*o = 7*o - 81. Calculate the highest common divisor of 9 and o.
9
Suppose -120 = -j - 40*g + 43*g, 5*g + 30 = 0. Calculate the greatest common divisor of 9146 and j.
34
Let o(i) = i**3 - 11*i**2 - i + 16. Let k be o(11). Suppose -5 + 2 = x, k*f = x + 63. Suppose -4*l + l + 9 = 0. Calculate the highest common divisor of f and l.
3
Let i(v) = v**2 - 9*v - 16. Let f be i(11). Suppose -d - f*d + 84 = 0. Let s be d/15*(26 - 1). What is the greatest common factor of s and 2?
2
Suppose 4*c = 5*i + 5664, -1495 - 1351 = -2*c - i. Calculate the greatest common factor of 147 and c.
49
Suppose 0 = -4*j + 3*y + 97, -25*j - 5*y + 80 = -22*j. Suppose -16*d - 252 = -j*d. Calculate the greatest common factor of d and 700.
28
Let s(m) = m**2 - 2*m - 4. Let w be s(-2). Suppose w*x = 1923 - 259. What is the greatest common factor of x and 52?
52
Let g = 18989 - 18920. Let f(d) = 37*d**2 + 5*d - 3. Let v be f(-5). What is the highest common factor of v and g?
69
Let x be (-380)/57*(2/6)/((-65)/2808). Calculate the greatest common divisor of 18672 and x.
48
Let t be (-847)/(-7)*1*113. What is the highest common divisor of t and 113?
113
Let k(b) = 13*b**2 + 194*b - 229. Let y be k(-17). Calculate the highest common factor of y and 598.
46
Suppose -5*x - 5*m = -120, 0*x = x + 5*m - 16. Let q = 47887 + -47679. What is the greatest common divisor of x and q?
26
Let f(n) = -n**2 - 17*n - 65. Let q be f(-8). Suppose 3*w - q*w = -2*u + 62, -3*w + 66 = 3*u. What is the greatest common factor of u and 50?
25
Suppose -2*b - m = -233, b - 100 = 4*m + m. Let u(n) = -46*n**3 + n + 45 - 27 - 17. Let c be u(-1). What is the highest common divisor of c and b?
23
Let h(r) = -r**3 - 12*r**2 - 3*r + 10. Let y be h(-12). Let j(d) = d**3 + 10*d**2 - 24*d - 120. Let f be j(-11). What is the greatest common divisor of y and f?
23
Suppose 0 = -5*k + 7*k - 448. Suppose -2*g + 4*g + 3*o = 151, -3*g = o - 209. Suppose 2*y + 4 - g = 0. Calculate the greatest common divisor of y and k.
32
Suppose 0 = 4*y + 4*d - 1617 + 1277, 3*y - 3*d = 225. What is the greatest common factor of 26 and y?
2
Let y(z) = z**2 + 3*z + 6. Let c be y(6). Let q(n) = 4*n**2 - 2*n - 6. Let o be q(-3). Calculate the highest common divisor of c and o.
12
Let o(l) = -12*l - 1. Let p be o(-3). Let w be 310 - (1700/(-300) - (-2)/3). Calculate the highest common factor of p and w.
35
Let d = -465 + 837. Let h = d + -201. Calculate the highest common factor of 19 and h.
19
Let z be (-1336482)/(-42) - ((-3 + 3 - 0) + 2). Calculate the greatest common divisor of z and 47.
47
Suppose c - 4*v = 35, 3*c - 83 = c - 5*v. Let l(n) = 0*n**2 - 109 - 33*n + 43 + n**2 + 84*n - 151. Let k be l(4). What is the greatest common factor of c and k?
3
Suppose -h = y - 48, 1354*y - 1357*y = 5*h - 236. Calculate the greatest common divisor of 2461 and h.
23
Let i = -4322 + 5026. Calculate the highest common factor of 11 and i.
11
Let s(y) = -136*y - 16. Let a be s(-3). Suppose 0*c = 3*v + 2*c - 295, 4*v = -4*c + a. What is the highest common divisor of v and 3?
3
Let s be ((-26144)/64)/(2/(-52)). Calculate the greatest common divisor of s and 494.
247
Let z be (-30)/40*((-164)/12 + -1). What is the greatest common divisor of z and 281?
1
Suppose -b - 13 = -19. Suppose -b*o = -35 - 13. Calculate the highest common divisor of 44 and o.
4
Let d = -87 + 89. Let w be d + -1 - 0/7. Let o be (96/(-56))/(w/(-7)). What is the highest common factor of 12 and o?
12
Let q(v) = -3*v + 38. Let d be q(7). Let k(m) = 33*m + d - 10*m - 15*m - 9*m. Let c be k(-4). Calculate the greatest common divisor of c and 35.
7
Suppose 2*m = 8*g - 64, -29330 + 29422 = 5*g + 2*m. Let b be (-1)/((-2)/504) - 0. Calculate the highest common factor of b and g.
12
Let k be (-1064)/(-133)*(-1)/18 - 28772/(-18). What is the greatest common factor of 188 and k?
94
Let y(s) = -30*s + 92. Let w be y(3). Let k(q) = 12*q**2 + 6*q - 2. Let n be k(w). Let p = -58 + 203. Calculate the greatest common factor of n and p.
29
Let c(l) = 17*l**3 + l**2 + 6*l + 23. Let w be c(-3). Let b = 470 + w. What is the greatest common factor of b and 5?
5
Let z be 7/98 + (1 - 16725/(-70)). What is the highest common factor of 15 and z?
15
Suppose 4*a + 52 = -9*i + 13*i, 24 = 2*i - 3*a. Let l(g) = 8*g**2 + g. Let f = 32 + -34. Let n be l(f). What is the greatest common divisor of i and n?
15
Let r = 201 - 153. Suppose -19*d + 23*d = r. Calculate the highest common factor of d and 15.
3
Suppose 14*j + 15 = 17*j. Suppose 256 = j*s + 4*p, 3*p - 2 = 10. Calculate the greatest common factor of 32 and s.
16
Let n be (6/15)/((-3)/45*-1). Suppose n*f = 5*j + 5*f - 20, 0 = -f. What is the highest common factor of j and 4?
4
Let l be 12/4*8/6. Suppose l*p + 320 = 3*j, -4*j + 410 = -0*j + 3*p. What is the greatest common factor of j and 13?
13
Let r = -2163 - -2603. What is the highest common factor of r and 33?
11
Suppose 91853 = 262*r + 4345. Calculate the highest common factor of r and 4.
2
Let k be ((-20)/(-70) - (-306)/56)*4. Let i = k - 14. Suppose -i*l + 316 + 836 = 0. What is the highest common factor of l and 16?
16
Let o = -475 + 503. Suppose -o*l - 18*l + 7866 = 0. What is the greatest common factor of l and 95?
19
Let d be ((-280)/420)/(2/(-1920)). Let w = 85 + -45. What is the greatest common factor of w and d?
40
Suppose 55*j - 53*j + 925 = 5*t, 2*j - 1110 = -6*t. Suppose 10 = 2*w - 0*w. What is the greatest common divisor of w and t?
5
Let c(p) = p - 6. Let g be c(-1). Let x be 6 + g + 6 + 3 + 1. What is the greatest common factor of x and 63?
9
Let d(g) = 370*g - 28825. Let s be d(79). Let m(y) = -14*y**3 - 2*y - 1. Let h be m(-1). Calculate the greatest common divisor of h and s.
15
Let y be 22/((-39)/117 + ((-196)/129)/(-4)). Let w be 16/24 - (-31)/3. Calculate the greatest common factor of y and w.
11
Suppo